762 a prime number?
False
Is 131759 a prime number?
True
Is 6109321 composite?
False
Is 549481 a composite number?
False
Is 3221 a prime number?
True
Is 147701 prime?
False
Is 2363 composite?
True
Is 541027 prime?
True
Is 6973 a prime number?
False
Is 215069 prime?
False
Is 817283 a prime number?
False
Is 112601 prime?
True
Is 9613 a composite number?
False
Is 34381 composite?
False
Is 86509 a prime number?
True
Is 12877 a composite number?
True
Is 7115 composite?
True
Is 19967 prime?
False
Is 13873 a composite number?
False
Is 3061 a prime number?
True
Is 1165 a prime number?
False
Is 199 a prime number?
True
Is 28019 a prime number?
True
Is 2051 composite?
True
Is 75311 a prime number?
False
Is 2935 prime?
False
Is 333019 composite?
False
Is 23497 a prime number?
True
Is 34703 a prime number?
True
Is 6979 a prime number?
False
Is 1363 a prime number?
False
Is 613747 composite?
False
Is 294349 a composite number?
True
Is 9587 a prime number?
True
Is 14717 a composite number?
False
Is 165437 a composite number?
False
Is 6733 prime?
True
Is 1157 a composite number?
True
Is 14309 prime?
False
Is 28123 composite?
False
Is 2217715 a prime number?
False
Is 375619 a prime number?
False
Is 3555715 a prime number?
False
Is 78907 a prime number?
False
Is 198899 a prime number?
True
Is 29287 prime?
True
Is 8039 a composite number?
False
Is 1067 a composite number?
True
Is 33953 a composite number?
True
Is 65239 composite?
False
Is 21003 composite?
True
Is 87821 a prime number?
False
Is 141397 prime?
True
Is 38939 composite?
True
Is 59 a composite number?
False
Is 431686 a prime number?
False
Is 8269 prime?
True
Is 190345 a composite number?
True
Is 5079 prime?
False
Is 122237 a prime number?
False
Is 96991 a prime number?
False
Is 56623 prime?
False
Is 269051 a prime number?
False
Is 355297 a prime number?
True
Is 30367 composite?
False
Is 24257 prime?
False
Is 268253 prime?
True
Is 185893 prime?
True
Is 83701 a prime number?
True
Is 20371 a composite number?
True
Is 223469 composite?
False
Is 485 a composite number?
True
Is 21011 a composite number?
False
Is 1399 a composite number?
False
Is 3907 a prime number?
True
Is 190471 prime?
True
Is 19571 a prime number?
True
Is 64507 prime?
False
Is 1905511 a composite number?
True
Is 120473 prime?
True
Is 5381 prime?
True
Is 21467 composite?
False
Is 15061 a composite number?
False
Is 791 composite?
True
Is 20617 prime?
False
Is 54301 a prime number?
False
Is 77057 a composite number?
True
Is 39763 prime?
False
Is 12653 a prime number?
True
Is 41365 prime?
False
Is 106651 prime?
False
Is 56027 prime?
False
Is 169042 composite?
True
Is 38939 composite?
True
Is 11027 prime?
True
Is 7033 a composite number?
True
Is 23365 a prime number?
False
Is 3719 a composite number?
False
Is 29657 composite?
True
Is 431727 a composite number?
True
Is 84895 a prime number?
False
Is 28751 a composite number?
False
Is 942595 a composite number?
True
Is 13801 composite?
True
Is 2815 prime?
False
Is 9445 a prime number?
False
Is 20873 prime?
True
Is 7237 composite?
False
Is 16879 composite?
False
Is 275521 a prime number?
True
Is 13781 composite?
False
Is 22309 a prime number?
False
Is 1220287 prime?
False
Is 528373 a prime number?
True
Is 33287 prime?
True
Is 18539 a prime number?
True
Is 3817 a prime number?
False
Is 8767 a composite number?
True
Is 81271 prime?
False
Is 27527 prime?
True
Is 31379 composite?
False
Is 5623 a prime number?
True
Is 28983 prime?
False
Is 59387 a prime number?
True
Is 1967923 composite?
False
Is 24691 a composite number?
False
Is 119109 a prime number?
False
Is 5961 a composite number?
True
Is 212945 a prime number?
False
Is 114553 composite?
False
Is 23683 a composite number?
True
Is 4647 a prime number?
False
Is 20851 a composite number?
True
Is 1762843 a composite number?
False
Is 70067 a composite number?
False
Is 3299 composite?
False
Is 9601 a composite number?
False
Is 182773 a composite number?
False
Is 303991 composite?
True
Is 409 composite?
False
Is 479 a prime number?
True
Is 308837 a composite number?
True
Is 47935 a prime number?
False
Is 146721 composite?
True
Is 307 a prime number?
True
Is 278383 composite?
True
Is 25247 a composite number?
False
Is 2119 prime?
False
Is 380581 a composite number?
True
Is 3587 composite?
True
Is 7067 a composite number?
True
Is 65479 a composite number?
False
Is 168911 a prime number?
False
Is 52639 composite?
False
Is 55661 a prime number?
True
Is 301033 a composite number?
True
Is 5617 a composite number?
True
Is 44809 prime?
True
Is 449513 a composite number?
True
Is 195949 a composite number?
True
Is 3779 a prime number?
True
Is 10399 a composite number?
False
Is 261746 prime?
False
Is 474137 a prime number?
True
Is 3959 a prime number?
False
Is 50243 composite?
True
Is 1104721 a composite number?
True
Is 919 a prime number?
True
Is 1037471 a prime number?
True
Is 351851 composite?
False
Is 756121 composite?
True
Is 33791 prime?
True
Is 1361 prime?
True
Is 10789 a composite number?
False
Is 15149 a composite number?
False
Is 25423 a composite number?
False
Is 27923 a prime number?
False
Is 16217 composite?
False
Is 214937 a prime number?
False
Is 462793 a prime number?
False
Is 122817 prime?
False
Is 449 a prime number?
True
Is 13597 prime?
True
Is 289607 a prime number?
True
Is 33457 prime?
True
Is 431983 a prime number?
True
Is 33457 prime?
True
Is 10177 a composite number?
False
Is 564985 a composite number?
True
Is 12227 a prime number?
True
Is 70795 prime?
False
Is 1735 a composite number?
True
Is 3433 composite?
False
Is 8057 a prime number?
False
Is 308023 a prime number?
False
Is 208787 composite?
False
Is 519521 composite?
False
Is 4757 composite?
True
Is 1471 composite?
False
Is 17311 composite?
True
Is 225397 a composite number?
True
Is 350159 a composite number?
False
Is 472411 a composite number?
False
Is 15619 a prime number?
True
Is 2402079 a prime number?
False
Is 9029 composite?
False
Is 9489 composite?
True
Is 2921 composite?
True
Is 1682459 a prime number?
False
Is 884111 a composite number?
False
Is 621461 a prime number?
True
Is 335419 prime?
False
Is 142733 composite?
False
Is 197753 prime?
True
Is 19717 a composite number?
False
Is 62269 a composite number?
True
Is 350843 a composite number?
False
Is 196397 a prime number?
False
Is 1499 a prime number?
True
Is 6995 a prime number?
False
Is 1657 a prime number?
True
Is 138218 a composite number?
True
Is 10967 prime?
False
Is 276901 prime?
True
Is 168842 a composite number?
True
Is 11965 a prime number?
False
Is 4359 a prime number?
False
Is 38149 prime?
True
Is 3791 a composite number?
True
Is 563 composite?
False
Is 5039 a composite number?
False
Is 13829 a composite number?
False
Is 23741 composite?
False
Is 336235 composite?
True
Is 5878 prime?
False
Is 7177 composite?
False
Is 670863 composite?
True
Is 26002 a composite number?
True
Is 1255 a prime number?
False
Is 148361 prime?
True
Is 85189 prime?
False
Is 12817 a prime number?
False
Is 114311 a prime number?
True
Is 1589 composite?
True
Is 24953 composite?
False
Is 973 a composite number?
True
Is 8067 a prime number?
False
Is 334699 a composite number?
False
Is 1094 a composite number?
True
Is 52909 composite?
True
Is 17349 prime?
False
Is 13 composite?
False
Is 195967 prime?
True
Is 721337 a composite number?
False
Is 2495 prime?
False
Is 169457 prime?
True
Is 38371 a composite number?
False
Is 17509 prime?
True
Is 685421 prime?
False
Is 27509 prime?
True
Is 18317 a composite number?
True
Is 251935 a prime number?
False
Is 21191 a composite number?
False
Is 158647 composite?
False
Is 65063 composite?
False
Is 343547 composite?
False
Is 58523 composite?
True
Is 1622527 a composite number?
True
Is 483317 a prime number?
True
Is 194443 a composite number?
False
Is 393017 composite?
False
Is 1929709 a prime number?
False
Is 12895 prime?
False
Is 2506559 prime?
False
Is 45769 a composite number?
True
Is 13121 a prime number?
True
Is 9413 a prime number?
True
Is 83537 a composite number?
False
Is 58209 a prime number?
False
Is 16153 a prime number?
False
Is 79333 prime?
True
Is 46105 a composite number?
True
Is 19739 a prime number?
True
Is 69931 prime?
True
Is 3274 a prime number?
False
Is 11233 a prime number?
False